actors of ((-2)/1)/(-1) + d?
2
Suppose -35*y = -38*y + 558. What are the prime factors of y?
2, 3, 31
Suppose -5 - 5 = -5*n. List the prime factors of 6/(-6)*(-4)/n.
2
Let u = 18 + -12. Suppose 0 = -u*g + 57 + 207. What are the prime factors of g?
2, 11
Let w(g) = -g**3 + 2*g**2 + 2*g + 3. Let c be w(3). Let v = 0 - c. Suppose 2*f - 16 = -v*f. What are the prime factors of f?
2
Suppose 5*y = 2*y + 15. Suppose 3*d = 4*v + y*d - 174, 255 = 5*v - 5*d. What are the prime factors of v?
2, 23
What are the prime factors of 6/(-10) - (0 + 1365/(-25))?
2, 3
What are the prime factors of 1223/11 - 2/11 - 3?
2, 3
Let c(d) = 5*d**3 + d + 14. Let k(p) = -p**3 - p**2 - 1. Let f(y) = c(y) + 6*k(y). Let l = -30 - -24. List the prime factors of f(l).
2
Suppose 2*c = 2*o + 4, -2*o - 3*c - 6 = -22. Suppose 2*b = -3*p + 69, p + 0*b = -o*b + 23. List the prime factors of p.
23
Let k(b) = 3*b**2 + 2 - 4*b - 2*b**2 - 3*b. Let i be k(7). Suppose -2 = c - 3*s, -5*c + i = -s - 58. What are the prime factors of c?
13
Let r = -19 - -41. Suppose 5*l - 103 = -0*q + 2*q, l + q = r. List the prime factors of l.
3, 7
Let a be -2 + 3 - (0 + -1). List the prime factors of a/(-4) + (-21)/(-2).
2, 5
Suppose 3*a = 2*a + 57. What are the prime factors of a?
3, 19
Let a be 0*1*(-1 + 0). Suppose a = -f - 2 + 16. List the prime factors of f.
2, 7
Let q = -7 + 11. Let j = 2 + q. List the prime factors of j.
2, 3
Let k(x) = -x**3 + 22*x**2 + 4*x + 51. List the prime factors of k(22).
139
Let w(v) = 5*v**2 - v + 1. Let b be w(1). Suppose 23 = b*m - 27. List the prime factors of m.
2, 5
Suppose 3*w - 38 = 4. Suppose 4*k + 3 = 2*h - 13, -5*k = -h + w. Let v = k - -6. What are the prime factors of v?
2
Let j(o) = -o. Let k be j(0). Suppose 4*b + 34 = 5*v, k = -4*v + 3*b + 7 + 20. What are the prime factors of v?
2, 3
Suppose -4*r - 2*r + 48 = 0. List the prime factors of r.
2
Suppose -3*y + 2*y + 3 = 0, -4*q + 111 = 5*y. List the prime factors of q.
2, 3
Let r = 1 - 8. Let z = 22 + r. What are the prime factors of z?
3, 5
Let k(a) be the second derivative of a**4/12 - a**3/3 + a**2/2 + a. List the prime factors of k(-2).
3
Let u(r) = 2*r - 8. Let l = 55 + -38. What are the prime factors of u(l)?
2, 13
Let k = -48 + 103. What are the prime factors of k?
5, 11
Suppose g - 3*f + 2*f = 191, 0 = g + 2*f - 182. List the prime factors of g.
2, 47
Suppose 24 = 5*g + 9. Suppose k = 4*l - 0*k - 24, 0 = -g*k - 12. Suppose -2*q = 5*c - l*q - 33, 2*c - 4*q - 16 = 0. List the prime factors of c.
2, 3
Let j be 16/6 + (-3)/(-9). Let f = j + 0. Suppose -f*h = 2*s - 41, -3*s = 3*h - 10 - 35. What are the prime factors of h?
11
Suppose 3*k = 9, -4*y + k + 42 = -51. List the prime factors of y.
2, 3
Let v(m) be the first derivative of -m**4/4 - 2*m**3/3 + m**2/2 - 2. Let z be v(1). What are the prime factors of (2 + -1)/(z/(-8))?
2
Suppose 0 = -4*q - q. Let y = 2 + 0. Suppose 3*h - 2*h - y = q. What are the prime factors of h?
2
Suppose 5*a - 3*t = 28 + 93, 4*t = -5*a + 142. Let b be (-3)/(-6) + a/(-4). List the prime factors of (44/b)/(8/(-12)).
11
Let u(t) be the third derivative of -5*t**4/24 - 2*t**3/3 + t**2. Let h be u(-4). Suppose 2*i = -3*v + 20, -2*v - h - 8 = -4*i. What are the prime factors of i?
7
Suppose 2*i = -i + 6. Let q be 9 + (i - (-6)/(-2)). Suppose -q = s - 2*s. What are the prime factors of s?
2
Let r(m) be the second derivative of m**4/8 - m**3/3 - m**2 - 2*m. Let a(k) be the first derivative of r(k). What are the prime factors of a(2)?
2
Let x(n) = -n - 2. Let m be x(-5). Let u be m*(1 + (-1)/3). Suppose u*c - 4 = 14. What are the prime factors of c?
3
Let l be (1 - 2)/((-2)/6). Suppose -b - 55 = -l*r - 2*r, -r - 5*b = -37. List the prime factors of r.
2, 3
Suppose -5*l = 5, -r = 3*l + l + 7. List the prime factors of (42 - (3 - 1)) + r.
37
Let m = -4 + 4. Suppose 0 = -3*g + 5*o - 5 - 5, m = 3*g - 4*o + 8. Suppose g*k - 4 = -2*k. What are the prime factors of k?
2
Suppose 0*t + 4*t = 0. Let p = t - -8. What are the prime factors of ((-30)/p)/(-5)*12?
3
Suppose -38*j + 39*j - 384 = 0. List the prime factors of j.
2, 3
Let l = 0 + -1. Let g(i) = -7*i + 1. Let z be g(l). List the prime factors of (-1)/(-1) + -3 + z.
2, 3
Let o = 233 + -22. What are the prime factors of o?
211
Suppose 0 = -2*o + 4*y - 2*y + 198, -4*o + 394 = -5*y. What are the prime factors of o?
101
Let t = -6 + 4. Let m be 0/(2/t - -3). List the prime factors of (0 + 7 - m)/1.
7
Suppose 2*z = z, 2*h - 2*z - 42 = 0. What are the prime factors of h?
3, 7
Let c be 26/(-3) - 2/(-3). Let l = c + 17. What are the prime factors of l?
3
Suppose 4*c - 2*f + 12 = 0, -3*c - 18 = 2*c - f. Let l be 1 + (-1 - -2) + -1. Let q = l - c. What are the prime factors of q?
5
Suppose 0*y + 28 = 2*u - 5*y, -4*u + 5*y + 66 = 0. Suppose 2*v - 3*v + 36 = 0. Suppose 5*h = u + v. List the prime factors of h.
11
Suppose 9*r = -9 + 36. What are the prime factors of r?
3
Let s(a) = -a + 14. Let b be s(5). Let d be ((-4)/5)/(-2)*15. List the prime factors of d/27 - (-61)/b.
7
Suppose -4*a - 20 = d, 4*d - 2 = a + 3. Let v be 128/20 - (-2)/a. Let k = v + -4. List the prime factors of k.
2
Let p(r) = r**2 + 3*r - 10. Let t be p(-7). Suppose 3*k - 6*k + t = 0. List the prime factors of k.
2, 3
Let c(t) = t**3 + 4*t**2 - 8*t + 3. List the prime factors of c(2).
11
Suppose -5*l = -5*b + 350, -2*b + 4 = -l - 141. List the prime factors of b.
3, 5
Suppose -3*h - 220 = -7*h. List the prime factors of h.
5, 11
Let l(w) = 2*w + 38. List the prime factors of l(0).
2, 19
Suppose 0*u = -3*u - 18. List the prime factors of 8/u*45/(-6).
2, 5
Suppose 2*q = 4*q + 70. What are the prime factors of 3 + (q/(-1) - 3)?
5, 7
Suppose -4*m = -3*n - 29, 7*m - 3*m - 2*n - 34 = 0. Suppose -2*f + m = z - 17, -21 = -z + 5*f. What are the prime factors of z?
2, 13
Let k be 1/(0 + (-3)/(-36)). Let r be (1 - 0)/(10/(-70)). Let v = k - r. What are the prime factors of v?
19
Suppose -3*t = -154 + 13. What are the prime factors of t?
47
Suppose q = -2*t - 10, -2*t - 9 = q - t. Let h be 1/2 - 28/q. List the prime factors of (-1)/(-1) - (h + -17).
2, 7
Let c(f) = -f**2 + 12*f - 12. List the prime factors of c(10).
2
Suppose c = -v - 3*c + 7, -c = 0. List the prime factors of v.
7
Let w be 9/(-15) + (-984)/(-15). Suppose 4*d - w = -4*f - 5, f - 4*d = 25. List the prime factors of f.
17
Let q = 7 + -5. Suppose 4*a = -2*f, q*a = -7*f + 3*f + 12. What are the prime factors of (-8)/(-3)*(-1 + f)?
2
Let t be 45/2 - 12/8. List the prime factors of (6 + -2)/(6/t).
2, 7
Let j(f) = f + 41. List the prime factors of j(0).
41
Let s(v) = v**3 - 7*v - 5. List the prime factors of s(6).
13
Suppose -5*y - g = -629, g - 3*g + 250 = 2*y. List the prime factors of y.
2, 3, 7
Suppose -5*x = -69 - 251. What are the prime factors of x?
2
Suppose 3*j + 14 = -2*u, -u = -j - 5*u + 2. Let c = j - -8. Suppose 5*x - 25 = -5*p, 0 = -c*x - 2*x - 2*p + 20. List the prime factors of x.
5
Let w(i) = -5*i + 7. Let r be w(-13). Let s(o) = o - 4. Let t be s(4). Suppose t*c - r = -4*c. What are the prime factors of c?
2, 3
Suppose 2*v = -0*v + 24. List the prime factors of (-14)/(-6) - 4/v.
2
Let c be -1*5/((-5)/6). Suppose 0 = -0*a + 2*a - c. List the prime factors of a.
3
Suppose 44 = 4*i - 4. Let o(z) = z**3 + 5*z**2 - 5*z + 8. Let g be o(-6). Suppose g*y - i = -y. List the prime factors of y.
2
Let q(i) = -6*i + 6*i + 13*i**2. What are the prime factors of q(-1)?
13
Suppose -3*y = 5*s - 4 - 20, 5*s = 0. Let t be (4/(-6))/(y/(-60)). Suppose -4*l = -t*h + 41, -5*l = 5*h - 2*l - 48. What are the prime factors of h?
3
Suppose -3*m + 14 = -4. Suppose -4*j + 78 = m. List the prime factors of j.
2, 3
Suppose -2*z + 2 = 6, 0 = 3*q - 5*z - 25. List the prime factors of q.
5
Suppose h = -2*h + 9, -3*q + 2*h + 300 = 0. List the prime factors of q.
2, 3, 17
Suppose 3*h + 59 = 4*w, -h - 36 = -3*w + 4*h. What are the prime factors of w?
17
Let s = -21 - -32. Let i(w) = w**2 - 11*w + 3. Let k be i(s). Suppose k*z - 26 - 4 = 0. What are the prime factors of z?
2, 5
Let d(x) = 6*x - 8. Let b(c) = -7*c + 9. Let z(a) = -3*b(a) - 4*d(a). Let j be z(5). Let n = -5 - j. List the prime factors of n.
5
Let g(b) be the second derivative of b**4/12 - 7*b**3/6 - 3*b**2/2 + b. What are the prime factors of g(8)?
5
Let t be 8 + (3 + -4)*-1. Let n =